be 365/20 + 2/(-8). Suppose -o*s = 205 - 61. Determine l(s).
-5
Let b be (-26)/13 + (-39)/(-2)*2/3. Let f(n) be the third derivative of n**6/120 - n**5/6 - 3*n**4/8 - 8*n**3/3 - 3*n**2. Calculate f(b).
6
Let q(a) = 3*a - 2 - 7*a + 5*a**2 + 0 - a**3. Let f(o) = -1118*o - 17883. Let z be f(-16). Give q(z).
-22
Let a(t) = -3 + 0 - 1 + t**2 - 3*t - 1. Let p = -9 - -24. Let d be (-3 + 55/15)/(2/p). What is a(d)?
5
Suppose 13 = d - 4*t - 15, -4*d = 3*t - 93. Let a be 20/d + 3/18. Let s(h) = -3 - 3*h + 0 - a + 6. Calculate s(3).
-7
Let q(v) be the third derivative of -1/24*v**4 - 3 - 4*v**2 + 1/3*v**3 + 0*v. Give q(-4).
6
Let p(z) = 22*z**3 - z**2 - z - 1. Let d be ((-6)/((-18)/3))/(2/266). Let m = 132 - d. Determine p(m).
-23
Let k(u) be the first derivative of -u**7/840 + u**6/360 + u**4/24 + 19*u**3/3 + 9*u**2/2 - 98. Let x(z) be the third derivative of k(z). Give x(1).
1
Suppose 5*y + 4*u - 13 - 17 = 0, -3*u = -3*y - 9. Let a(c) be the third derivative of 0*c + 0 + 1/24*c**4 + 0*c**3 - 19*c**y. Determine a(-3).
-3
Let c(a) = 16*a**2 + 22780*a - 22778*a - 78 - a**3 + 19. Give c(16).
-27
Let p(k) = -3*k - k - 60 + k + 15*k + k. Let s be p(5). Let q(t) = t**2 - 3*t - 2. Give q(s).
8
Let h = 5395 - 5383. Let m(g) = g**3 - 14*g**2 + 23*g + 3. What is m(h)?
-9
Suppose 4*i - 9*i - 12 = t, 0 = i + 4. Suppose 0 = -g - 3*u + t*u - 25, 4*g - 4*u + 20 = 0. Let p(x) = -x + 16. What is p(g)?
16
Let x(u) = u**2 + 6*u - 1. Let p = 11 - 31. Let z = 23 + p. Let f be 2 + (4 - z) + -6. What is x(f)?
-10
Let n(c) be the second derivative of 0*c**3 - 49*c + 0*c**2 - 1/12*c**4 + 0. Give n(-3).
-9
Let z(o) = o**2 + 15*o. Suppose 15 = 4*m - 13. Let q be (4/12)/(-1)*(38 + m). Give z(q).
0
Let p(x) = -x**2 - 9*x + 7. Let q be (48/27 - 2) + 1962/81. Suppose -5*h = 2*m + q, 29*m - 32*m + 4*h = 36. Determine p(m).
-29
Let t(s) = -32*s**3 - 17*s**2 - 118 - 18*s + 112 - 23*s**3 + 54*s**3. Calculate t(-16).
26
Let d(n) be the second derivative of -n**4/12 + 11*n**3/6 + 25*n**2 + 3917*n. Calculate d(14).
8
Let j be -1*(1 + (-6 - -2)). Let o(z) = -11 + 2*z**3 + 56 - 4*z**2 - 34 - z**3 + 4*z - 10. What is o(j)?
4
Let y(w) = 3*w**2 + w - 12. Let m(v) = -11*v**2 - 9*v + 57. Let g(a) = m(a) + 4*y(a). Determine g(9).
45
Let l(a) = a + 2. Suppose 4*o - o + 5*z = -282, 4*o - 2*z + 350 = 0. Let y = 58 + o. Let i = -29 - y. Calculate l(i).
4
Let q(p) = -2*p**2 + 5*p - 3. Suppose -10*u + 20 = -20. Suppose 5 = 5*c - u*v, 31 = 3*c + v + 11. Calculate q(c).
-28
Suppose 15*g - 972 = 123. Let j = -80 + g. Let k(l) = -l - 10. Determine k(j).
-3
Let g(y) = 65*y + 273. Let w(s) = -7*s - 2. Let q(d) = g(d) + 7*w(d). Give q(-16).
3
Let r(m) be the first derivative of m**5/15 - m**4/24 - 45*m**2 - 198. Let q(y) be the second derivative of r(y). Let w = 2 + -1. What is q(w)?
3
Let r(b) be the third derivative of -b**6/60 - 19*b**5/20 - 7*b**4/6 + b**3 + 121*b**2. Calculate r(-28).
6
Let l(x) be the second derivative of -x**3/3 + 17*x**2/2 + 254*x + 1. What is l(9)?
-1
Let x(p) = -5*p - 2. Let u(b) = 11*b + 4. Suppose 0*s + s - 3*k + 2 = 0, -k - 18 = -3*s. Let d(o) = s*x(o) + 4*u(o). Calculate d(-3).
-25
Let b(d) be the third derivative of -d**5/60 - 5*d**4/12 + 61*d**3/6 - 3*d**2 - 482. Calculate b(4).
5
Let g(a) = -2*a**2 - 13*a + 7. Let x(i) = i**2 + 4*i - 2. Suppose -153*p - 77 = -142*p. Let w(m) = p*x(m) - 2*g(m). What is w(-2)?
-8
Suppose -289 = 383*d - 73*d - 1529. Let k(j) = -j**2 + 0*j**2 - j + 8*j - 5. Give k(d).
7
Let h(g) = -g**3 + 5*g**2 - 4*g + 2. Let o(f) = f**3 - f**2 - 2. Let n be o(2). Suppose t = -k + 4, -n*t + 17 = 4*k + k. What is h(k)?
8
Let d(u) = u**3 + 25*u**2 + 25*u - 121. Let c(z) = 2*z**3 + 49*z**2 + 51*z - 235. Let j(l) = 3*c(l) - 7*d(l). Give j(-27).
7
Let b(n) = -n**2 + 4*n - 10. Let l(o) = 25*o - 21. Let r(q) = 125*q - 105. Let u(y) = 11*l(y) - 2*r(y). Let h be u(1). Calculate b(h).
-10
Let b be -6 + -3 + 7 - (-13 - -5). Let f(r) = -r**2 + 3*r + 21. Calculate f(b).
3
Let s(g) = 17*g + 50. Suppose 0 = 5*y + v + 9, -4*y + v = -3*y + 3. Let t be s(y). Let h(k) = k**2 - 17*k + 24. What is h(t)?
8
Let q be 30/9 - (0 - 1)/(9/(-27)). Let s(m) be the second derivative of -5*m + q*m**4 - 5/6*m**3 + 0 - 2*m**2 - 1/20*m**5. Determine s(4).
-24
Let k be (3 - -1)/4*4. Let y = k - 1. Suppose -14*d + 15*d = -y. Let v(a) = a**2 + 2*a + 1. Calculate v(d).
4
Let b(x) = -x**3 + x - 1. Let q(p) = -4*p**3 - 7*p**2 + 11*p - 9. Let l(t) = 2*t + 43. Let a be l(-22). Let g(d) = a*q(d) + 3*b(d). Give g(-8).
6
Let j(n) = -25*n**3 - n**2 - n - 4. Let x(f) = f**3 + 1. Let c(v) = j(v) + 5*x(v). Let y be (-19 - -15) + -5 + 10. Calculate c(y).
-21
Let i(r) be the first derivative of -5*r**3/3 + r**2/2 + r - 456. Determine i(-3).
-47
Let f(r) = 3*r**2 + 10 - 3*r**3 + 2*r**3 - 8 + 2*r**3 - 3*r. Let o be f(-4). Let w(b) = b + 1. What is w(o)?
-1
Let a(f) = -2*f**3 - 2*f**2 - 23*f + 43. Let n be a(2). Let i be (6 - 1)/(4 + n/6). Let x(o) = -o**2 - 8*o - 14. What is x(i)?
-34
Let a(r) = r**2 - 16*r - 17. Let x(h) = -2*h**2 + 17*h + 18. Let t(o) = -3*a(o) - 2*x(o). Let i = -322984 - -322972. Give t(i).
-9
Let i(y) = 2*y**3 + 4*y**2 - 2*y + 2. Let k = -9255 + 9258. Determine i(k).
86
Let a(q) = 2*q**3 + 0*q**3 - 6 - 1 - 5*q**2 + 1. Let h(t) = -t**3 + t**2 + 1. Let b(j) = -4*j - 113. Let f be b(-28). Let n(r) = f*h(r) - a(r). What is n(4)?
5
Let j = 5366 + -5370. Let t(g) = -g**3 - 2*g**2 + 4*g - 9. What is t(j)?
7
Let k(c) = -c - 15. Let l be (9 - -7)*3/(-3). Calculate k(l).
1
Let k = 53247 + -53244. Let v(y) be the first derivative of -y**4/4 + y**3/3 + 5*y**2/2 - 5*y - 1. What is v(k)?
-8
Let t = 11 - 8. Suppose g + 0 = 3*b - 2, 2*g + t*b = -22. Let u(h) be the second derivative of h**3/6 + 3*h**2 - 21*h. What is u(g)?
-2
Let o be 6/5*25/10 + -1. Let d be (-36)/(-8) + o/4. Suppose d*j + 16 = 2*k, -j - 5*k + 13 = -0*j. Let q(l) = 6*l + 2. Calculate q(j).
-10
Let g(a) = 3*a**2 - 25*a - 7. Let d(w) = -493*w + 1488. Let u be d(3). What is g(u)?
11
Let z(r) be the second derivative of -r**4/12 + 19*r**3/6 - 79*r**2/2 + 1607*r. Give z(13).
-1
Let y(n) = 5*n - 6. Let r(f) = 6*f - 5. Suppose 3*i - 7 = -2*j - 21, -i + 3*j - 1 = 0. Let t(a) = i*r(a) + 5*y(a). Let w be 0/((1 + -2)*-1). Give t(w).
-10
Let y(j) = 124*j + 161. Let i(n) = -173*n - 162. Let a(l) = -2*i(l) - 3*y(l). Determine a(-6).
-3
Let a(p) be the first derivative of -3*p**4/4 - 2*p**3 + 2*p**2 + 3*p + 1744. Calculate a(-3).
18
Let s(r) = -r**3 + 4*r**2 + 45*r - 8. Let a be s(0). Let o(x) = 3*x + 51. Give o(a).
27
Let u(v) = -v**3 - 7*v**2 - 5*v + 12. Suppose -154 = 43*a + 104. Determine u(a).
6
Let c(b) = b**2 - b - 9. Let w be c(4). Let y(r) = 5*r - 2 + w*r**2 - 3*r + 6 - r**3. Suppose -103 + 159 = 9*s + 5*s. Calculate y(s).
-4
Let k(w) = -17*w - 15. Let g be k(-4). Suppose -g*s - 55 = -58*s. Let a(o) = -o + 10. Determine a(s).
-1
Let y(f) = -f**2 + 89. Let u(x) = -3*x**2 + x + 265. Let m(n) = -2*u(n) + 7*y(n). Give m(9).
-6
Let p(m) be the second derivative of m**5/20 - m**4/2 + 4*m**3/3 - 13*m**2/2 + m - 8. Suppose -42*v = -34*v - 40. Give p(v).
2
Let o(z) = -9*z**2 + z - 5. Let s(r) = 11*r**2 - 2*r + 6. Suppose -3*k = -8*k - 25. Let l(q) = k*o(q) - 4*s(q). What is l(-4)?
5
Let d(r) be the second derivative of 3*r**2 + 1/20*r**5 + 18*r - 2/3*r**4 + 2 + r**3. Calculate d(7).
-1
Let p(h) = -13*h + 270. Let w be p(14). Let g be ((-6)/(-8))/(22/w). Let s(a) = -3*a**2 + 3*a + 4. Determine s(g).
-14
Let o(m) = m**3 + 16*m**2 + 13*m - 19. Suppose -38*q + 655 + 830 = -137*q. What is o(q)?
11
Let n = -4 + 10. Let t(g) = -95*g - 8. Let m(l) = -48*l + 1. Let r(a) = -2*m(a) + t(a). Determine r(n).
-4
Let s(v) = v**3 - 7*v**2 + 3*v + 11. Let w(r) = -12 - 4*r - r + r + 0*r**3 - r**3 + 8*r**2 - 1. Let h(j) = -5*s(j) - 4*w(j). Calculate h(4).
-15
Let o(a) = a**2 + 4*a. Let r be o(-4). Let b(p) be the first derivative of -p - 23 + 1/2*p**2. What is b(r)?
-1
Let j(w) = 17*w**3 - 10*w**2 - 39*w - 43. Let n(r) = 12*r**3 - 7*r**2 - 25*r - 30. Let x(l) = -5*j(l) + 7*n(l). Calculate x(5).
5
Let j(z) be the second derivative of 11*z**4/12 + 4*z**3 - z**2 + z - 25. Determine j(-2).
-6
Let o be -27 + 22 - 0/(-2). Let c(x) = -14*x**3 - x**2 + 5*x - 1. Let m(s) = -16*s**3 - s**2 + 6*s - 1. Let y(q) = o*m(q) + 6*c(q). Give y(-2).
27
Let t(s) be the second derivative of -s**